remainder when (-744)/(-21) + o/(-14) is divided by q.
3
Suppose -3*t + 4*u = -8*t + 202, 4*u = -t + 50. Let l = 2 - t. What is the remainder when 64 is divided by (-1)/(-4) - 639/l?
10
Suppose 61*z = -4*z - 9738 + 23648. What is the remainder when z is divided by 24?
22
What is the remainder when 0 + -1 + (121 - -6) is divided by 47?
32
Let s(z) = z**3 + 41*z**2 + 110*z - 71. What is the remainder when 299 is divided by s(-38)?
56
Let a = 3723 - 3391. Calculate the remainder when 678 is divided by a.
14
Suppose 4*l + 35*l - 4255 = 2*l. What is the remainder when 312 is divided by l?
82
Suppose -4*v + f = -f, -v = -2*f + 6. Let t(w) = 32 - v*w + w - 13. What is the remainder when 17 is divided by t(8)?
6
What is the remainder when 5/(15/8436) + 129 + -132 is divided by 76?
73
Suppose 0 = -3*k - 5*d + 178, -5*k + 445 - 171 = -3*d. What is the remainder when 280 is divided by k?
0
Suppose 4*t - 4*c = 28, -2*c = t - 1 - 0. Suppose 289 = -t*b + 39. Let p = b + 62. Calculate the remainder when 22 is divided by p.
10
Suppose 50*a + 2*u - 184 = 48*a, 4*a + 3*u - 362 = 0. What is the remainder when 279 is divided by a?
21
Suppose 739*u - 49566 = 43090 + 17278 - 13125. Suppose -q + 13 + 18 = 0. What is the remainder when u is divided by q?
7
Let l = -14313 + 14339. Calculate the remainder when 1351 is divided by l.
25
Calculate the remainder when 3 + (44 - 21) + 841 is divided by 145.
142
Let p(g) = -g**2 + 9*g + 10. Suppose -4*z = z. Suppose z*k + 176 = 2*k. Calculate the remainder when k is divided by p(8).
16
Suppose 0 = 18*s - 3895 - 1001. Calculate the remainder when s is divided by 17.
0
Suppose 26*s = 2*k + 21*s - 14439, 2*s + 7224 = k. What is the remainder when k is divided by 302?
296
Let h = 750 + -500. Calculate the remainder when 501 is divided by h.
1
Let t(i) = 5*i - 2 - 5*i**2 - 6*i**3 - 22*i + 5*i**3 - 25*i - 9*i**2. What is the remainder when 21 is divided by t(-10)?
3
Let k be 1*(2 - 955/(-5)). Let g = k - 145. What is the remainder when g is divided by 19?
10
Let j be (-286 + 7 + -2)*(-1)/(-1). Let i = j + 95. What is the remainder when 60 is divided by 6/18 - i/9?
18
Let f(v) = -v**2 - 42*v - 435. Let a be f(-14). Suppose -2*i - 30 = -142. Let s = i + a. What is the remainder when 25 is divided by s?
12
Suppose g = -v - 153, -7*g + 8*g - 2*v = -147. Let z = g - -188. What is the remainder when 220 is divided by z?
35
Let n(h) = -2*h**3 + 68*h**2 - 130*h + 76. Let a(j) = -12*j + 18. Let z be a(-14). Suppose -6*s + z = -0*s. What is the remainder when s is divided by n(32)?
7
Let z be 103 - 3 - (11 + -5). Suppose -9*m + z = -617. What is the remainder when m is divided by 17?
11
Suppose 10*k - 446 = 8*k. Suppose 0 = -2*f + 4*f + 5*n + k, n - 3 = 0. What is the remainder when (-15)/5 - f - -4 is divided by 31?
27
Suppose -3*r - 4*i = -7, 0 = -2*i - i - 15. What is the remainder when 8/(-6)*((-159393)/26)/67 is divided by r?
5
Let j(h) = h**3 + 8*h**2 + 5*h - 5. Calculate the remainder when j(-6) is divided by (-6)/(((-8)/10)/(108/270)).
1
Suppose 17*n - 2*n = 41*n - 624. What is the remainder when 897 is divided by n?
9
Suppose 0 = 27*b - 5*b - 13*b - 4374. Calculate the remainder when b is divided by 85.
61
Suppose 0 = i - 2*p - 4, -4*i + p = -2*p - 11. Suppose -66 = -2*g - i*a, 3*a - 6 + 21 = 0. Calculate the remainder when 109 is divided by g.
33
Let r(f) = -1 + 1451*f - 1599*f + 14. Let m(y) = -49*y + 4. Let w(n) = -7*m(n) + 2*r(n). What is the remainder when w(3) is divided by 35?
34
Let x = 26 - 18. Suppose -7*f + 13 = -8. Calculate the remainder when x is divided by f.
2
Let b(z) = -42*z**2 - 17*z - 17. Let c be b(-1). Calculate the remainder when 155 is divided by (-6)/(-8)*(43 + c/6).
20
Let w = 16019 - 15689. Calculate the remainder when 898 is divided by w.
238
Let q be (-428)/(-1)*(-1 + -5 + 7). Let k = -393 + q. What is the remainder when 39 is divided by k?
4
Suppose 3*n - 4*z = z - 7, 0 = -z + 2. Calculate the remainder when 405 is divided by n + (-8 + 20)*(-38)/(-8).
57
Suppose -1827 = -2*w - 1577. What is the remainder when 407 is divided by w?
32
Let d(p) = -5*p - 124. Let h be d(-25). Calculate the remainder when h + 4 - 7392/(-28) is divided by 30.
29
Let n(l) = -11*l + 27. Suppose 15*g + 7*g - 3344 = 0. Calculate the remainder when g is divided by n(-2).
5
Let p = -1971 - -3416. What is the remainder when p is divided by 25?
20
Let s be 18/(-24) - (-15)/(-12). What is the remainder when (6 - -24)*(-3)/(-6) is divided by (-13)/s + (-3)/6?
3
Suppose 629 = 4*d - 1315. Suppose -41*x + 908 = -d. What is the remainder when x is divided by 34?
0
Let y(o) = 3*o**2 + 23*o - 64. Calculate the remainder when 232 is divided by y(5).
106
Let t(h) = 21*h**2 - 562*h - 15. What is the remainder when t(27) is divided by (0 + -2)*(-90)/5?
12
Suppose o - 5*c - 30 = 0, 2*o + 4*c - c = 8. Suppose -o = -2*t + 42. Suppose 5*p + 0*k - 65 = 2*k, p - 6 = -k. Calculate the remainder when t is divided by p.
4
Let y(s) = -s**3 + 13*s**2 - 8*s - 21. Let c be y(12). Suppose c*r - 2341 = 710. What is the remainder when r is divided by 39?
35
Let t = -32 + 43. Suppose -4 - t = -3*x. Let n = 9 - x. Calculate the remainder when 4 is divided by n.
0
Suppose n = -0*n + 54. Let h be (18/(-3))/((45/6)/(-5)). Suppose h*t - 2 = n. Calculate the remainder when 53 is divided by t.
11
Let u(d) = d**3 - 20*d**2 + 35*d + 16. Let s be u(18). Let k(x) = -42*x - 24. What is the remainder when k(s) is divided by 8?
4
Let x = 63 + 9. Let y be (12/(-8))/((-2)/x). Let v = y - 21. What is the remainder when 163 is divided by v?
31
Suppose 0 = -2*n - 2*p, 5*n - 2*p - 55 = 2*n. Let o be 9*(5/3 - 1). Calculate the remainder when 2/o - (-62)/3 is divided by n.
10
Let x(l) = -5*l**3 + 4*l**2 + 78*l + 25. What is the remainder when x(-15) is divided by 15?
10
Suppose 5 = 2*q + 11, 0 = -3*z + q - 24. Let k(i) = -10*i - 14. Suppose -6*g + 409 - 313 = 0. Calculate the remainder when k(z) is divided by g.
12
Let x(a) = -a**2 - 7*a + 982. What is the remainder when 3326 is divided by x(-34)?
62
Let t(g) = g**3 + 20*g**2 + 13. Let m = 397 + -61. Calculate the remainder when m is divided by t(-20).
11
Suppose 7*p - 885 = 4*p. What is the remainder when p is divided by (-42)/(-10)*(-7370)/(-938)?
31
Let g be (-41 - -26) + 8/2. Let o(r) = -r**3 - 9*r**2 + 18*r - 27. What is the remainder when 78 is divided by o(g)?
10
Let f(l) = 5 + 23 - 3*l + 44 - 6*l. What is the remainder when 106 is divided by f(4)?
34
Let k(y) = 2*y**2 + 19*y + 15. Let u be k(-7). Let f(o) = -o**2 + 11*o - 4. What is the remainder when f(6) is divided by ((-8)/u)/(1/25)?
6
Suppose 0 = -13*u + 8*u - 20. Let w(o) = o**2 - o - 9. Suppose -3*q + 132 = 9. Calculate the remainder when q is divided by w(u).
8
Suppose 4 = -v + 6, 0 = -f + 4*v + 3422. Calculate the remainder when f is divided by 6.
4
Suppose 5*s - 6*s - 7704 = -19*s. What is the remainder when 1330 is divided by s?
46
Let f(p) = -p**3 + 24*p**2 + 27*p - 46. Let k be f(25). Suppose -2*v = -2*r - 120, -v - k*v + 4*r = -304. What is the remainder when v is divided by 36?
28
Calculate the remainder when 491 is divided by (163/(-2))/(1 + (-21)/14).
2
Suppose 2916*o - 2902*o = 154. What is the remainder when 797 is divided by o?
5
Suppose 58 = 4*i - 26. Suppose -y + 3*n = 9, 2*n + 6 = -y + 4*n. Let o(v) = v**2 + 2*v + 39. Calculate the remainder when o(y) is divided by i.
18
Let x be 2 + -1*(4 + (-3 - 0)). Let p(o) = 50*o**3 + o**2 + o - 1. What is the remainder when p(x) is divided by 28?
23
Let x = 60 - -5. Let t = -161563 - -161736. Calculate the remainder when t is divided by x.
43
Let z = 56 - 41. Let v(d) = z*d**3 + 4*d**3 - 17*d**2 - 18*d**3 + 2*d - 8. Calculate the remainder when 129 is divided by v(17).
25
Suppose 0 = 36*w - 12*w - 2520. Let g = w - -5. Calculate the remainder when g is divided by 34.
8
Suppose -93*h - 43540 = -162*h + 236393. Calculate the remainder when h is divided by 35.
32
Suppose -4*y + 1317 = -3*n - 6, -y + 328 = 2*n. What is the remainder when y is divided by 112?
106
Let a be 9/12 + (-10)/(-8). Let t(j) = -j**3 + 4*j**2 + 3*j - 1. Calculate the remainder when a*(-5 + 6) + 35 is divided by t(2).
11
Let y = -181 - -115. What is the remainder when 170 is divided by y/(-1*(-6)/(-4))?
38
Let c(f) = 536*f + 2671. What is the